{"id":94,"date":"2021-04-06T15:18:13","date_gmt":"2021-04-06T15:18:13","guid":{"rendered":"https:\/\/freetime-live.de\/?page_id=94"},"modified":"2021-04-13T14:00:50","modified_gmt":"2021-04-13T14:00:50","slug":"ueber-uns","status":"publish","type":"page","link":"https:\/\/freetime-live.de\/?page_id=94","title":{"rendered":"F\u00fcr Veranstalter"},"content":{"rendered":"\n<p class=\"has-text-align-center\">FREETIME wurde im Februar 2000 von Alex gegr\u00fcndet und wir haben uns im Laufe der Jahre zu einer starken, fetzigen 6-k\u00f6pfigen Party-Band entwickelt, die immer darauf bedacht ist auf die W\u00fcnsche von Veranstalter und Publikum einzugehen. <br>Unsere St\u00e4rken liegen an die enorme Auswahl und Vielseitigkeit unserer Songs, unserem 4-stimmigen Gesang, unsere lockere Art das Publikum zu unterhalten und dass unser Repertoire Jung und Alt gef\u00e4llt.<br> Wir legen h\u00f6chsten Wert darauf, mit einem Spitzensound und gut ausgew\u00e4hlten Songs das Publikum zu begeistern und somit die Stimmung von Beginn an immer weiter hochzutreiben.<br>Wir verf\u00fcgen \u00fcber eine eigene mittelgro\u00dfen PA-, Monitor- und Lichtanlage und wir haben einen festen Mann am Mischpult, der mit den neuesten Techniken den Sound von FREETIME abstimmt.<br> Au\u00dferdem haben wir zusammen weit mehr als 150 Jahre B\u00fchnenerfahrung.<\/p>\n\n\n\n<p class=\"has-text-align-center\">Wir hoffen, wir haben Ihr Interesse geweckt.<br>FREETIME w\u00fcrde sich freuen Ihre Veranstaltung mit unserer Musik \u2013 zu der es sich \u00fcbrigens hervorragend tanzen l\u00e4sst \u2013 bereichern zu d\u00fcrfen.<\/p>\n\n\n\n<p class=\"has-text-align-center\">F\u00fcr weitere Fragen oder Anregungen stehen wir Ihnen selbstverst\u00e4ndlich sehr gerne zur Verf\u00fcgung und verbleiben mit freundlichen Gr\u00fc\u00dfen \u2013 FREETIME<\/p>\n","protected":false},"excerpt":{"rendered":"<p>FREETIME wurde im Februar 2000 von Alex gegr\u00fcndet und wir haben uns im Laufe der Jahre zu einer starken, fetzigen 6-k\u00f6pfigen Party-Band entwickelt, die immer darauf bedacht ist auf die W\u00fcnsche von Veranstalter und Publikum einzugehen. Unsere St\u00e4rken liegen an die enorme Auswahl und Vielseitigkeit unserer Songs, unserem 4-stimmigen Gesang, unsere lockere Art das Publikum [&hellip;]<\/p>\n","protected":false},"author":1,"featured_media":0,"parent":0,"menu_order":2,"comment_status":"closed","ping_status":"closed","template":"","meta":{"ngg_post_thumbnail":0,"footnotes":""},"class_list":["post-94","page","type-page","status-publish","hentry"],"_links":{"self":[{"href":"https:\/\/freetime-live.de\/index.php?rest_route=\/wp\/v2\/pages\/94","targetHints":{"allow":["GET"]}}],"collection":[{"href":"https:\/\/freetime-live.de\/index.php?rest_route=\/wp\/v2\/pages"}],"about":[{"href":"https:\/\/freetime-live.de\/index.php?rest_route=\/wp\/v2\/types\/page"}],"author":[{"embeddable":true,"href":"https:\/\/freetime-live.de\/index.php?rest_route=\/wp\/v2\/users\/1"}],"replies":[{"embeddable":true,"href":"https:\/\/freetime-live.de\/index.php?rest_route=%2Fwp%2Fv2%2Fcomments&post=94"}],"version-history":[{"count":3,"href":"https:\/\/freetime-live.de\/index.php?rest_route=\/wp\/v2\/pages\/94\/revisions"}],"predecessor-version":[{"id":137,"href":"https:\/\/freetime-live.de\/index.php?rest_route=\/wp\/v2\/pages\/94\/revisions\/137"}],"wp:attachment":[{"href":"https:\/\/freetime-live.de\/index.php?rest_route=%2Fwp%2Fv2%2Fmedia&parent=94"}],"curies":[{"name":"wp","href":"https:\/\/api.w.org\/{rel}","templated":true}]}}