{"id":80,"date":"2021-04-04T19:59:25","date_gmt":"2021-04-04T19:59:25","guid":{"rendered":"https:\/\/freetime-live.de\/?page_id=80"},"modified":"2026-04-21T15:48:23","modified_gmt":"2026-04-21T15:48:23","slug":"bernd","status":"publish","type":"page","link":"https:\/\/freetime-live.de\/?page_id=80","title":{"rendered":"Bernd"},"content":{"rendered":"\n<figure class=\"wp-block-gallery has-nested-images columns-default is-cropped wp-block-gallery-1 is-layout-flex wp-block-gallery-is-layout-flex\">\n<figure class=\"wp-block-image size-large\"><img loading=\"lazy\" decoding=\"async\" width=\"682\" height=\"1024\" data-id=\"81\" src=\"https:\/\/freetime-live.de\/wp-content\/uploads\/2021\/04\/Bernd1-682x1024.jpg\" alt=\"\" class=\"wp-image-81\" srcset=\"https:\/\/freetime-live.de\/wp-content\/uploads\/2021\/04\/Bernd1-682x1024.jpg 682w, https:\/\/freetime-live.de\/wp-content\/uploads\/2021\/04\/Bernd1-200x300.jpg 200w, https:\/\/freetime-live.de\/wp-content\/uploads\/2021\/04\/Bernd1-768x1153.jpg 768w, https:\/\/freetime-live.de\/wp-content\/uploads\/2021\/04\/Bernd1-1023x1536.jpg 1023w, https:\/\/freetime-live.de\/wp-content\/uploads\/2021\/04\/Bernd1.jpg 1066w\" sizes=\"auto, (max-width: 682px) 100vw, 682px\" \/><\/figure>\n\n\n\n<figure class=\"wp-block-image size-large\"><img loading=\"lazy\" decoding=\"async\" width=\"768\" height=\"1024\" data-id=\"296\" src=\"https:\/\/freetime-live.de\/wp-content\/uploads\/2026\/04\/Bernd_2-768x1024.jpeg\" alt=\"\" class=\"wp-image-296\" srcset=\"https:\/\/freetime-live.de\/wp-content\/uploads\/2026\/04\/Bernd_2-768x1024.jpeg 768w, https:\/\/freetime-live.de\/wp-content\/uploads\/2026\/04\/Bernd_2-225x300.jpeg 225w, https:\/\/freetime-live.de\/wp-content\/uploads\/2026\/04\/Bernd_2-1152x1536.jpeg 1152w, https:\/\/freetime-live.de\/wp-content\/uploads\/2026\/04\/Bernd_2.jpeg 1200w\" sizes=\"auto, (max-width: 768px) 100vw, 768px\" \/><\/figure>\n\n\n\n\n\n<figure class=\"wp-block-image size-large\"><img loading=\"lazy\" decoding=\"async\" width=\"768\" height=\"1024\" data-id=\"85\" src=\"https:\/\/freetime-live.de\/wp-content\/uploads\/2021\/04\/Bernd5-768x1024.jpg\" alt=\"\" class=\"wp-image-85\" srcset=\"https:\/\/freetime-live.de\/wp-content\/uploads\/2021\/04\/Bernd5-768x1024.jpg 768w, https:\/\/freetime-live.de\/wp-content\/uploads\/2021\/04\/Bernd5-225x300.jpg 225w, https:\/\/freetime-live.de\/wp-content\/uploads\/2021\/04\/Bernd5-1152x1536.jpg 1152w, https:\/\/freetime-live.de\/wp-content\/uploads\/2021\/04\/Bernd5.jpg 1200w\" sizes=\"auto, (max-width: 768px) 100vw, 768px\" \/><\/figure>\n\n\n\n<figure class=\"wp-block-image size-large\"><img loading=\"lazy\" decoding=\"async\" width=\"768\" height=\"1024\" data-id=\"295\" src=\"https:\/\/freetime-live.de\/wp-content\/uploads\/2026\/04\/Bernd_1-768x1024.jpeg\" alt=\"\" class=\"wp-image-295\" srcset=\"https:\/\/freetime-live.de\/wp-content\/uploads\/2026\/04\/Bernd_1-768x1024.jpeg 768w, https:\/\/freetime-live.de\/wp-content\/uploads\/2026\/04\/Bernd_1-225x300.jpeg 225w, https:\/\/freetime-live.de\/wp-content\/uploads\/2026\/04\/Bernd_1-1152x1536.jpeg 1152w, https:\/\/freetime-live.de\/wp-content\/uploads\/2026\/04\/Bernd_1.jpeg 1200w\" sizes=\"auto, (max-width: 768px) 100vw, 768px\" \/><\/figure>\n<\/figure>\n\n\n\n<p class=\"has-text-align-center\"><strong><em><u>Musik ist seine Welt<\/u><\/em><\/strong><\/p>\n\n\n\n<p class=\"has-text-align-center\">Seine Solis, die er mit unbeschreiblichem K\u00f6nnen und Gef\u00fchl f\u00fcr FREETIME hinzaubert,<br> gehen regelrecht unter die Haut. <br>Von so einem Gitarristen der Extraklasse tr\u00e4umt jede Band. <br>Au\u00dferdem kann er noch singen und Ba\u00df spielen.<br>Also ein Musiker durch und durch.<\/p>\n","protected":false},"excerpt":{"rendered":"<p>Musik ist seine Welt Seine Solis, die er mit unbeschreiblichem K\u00f6nnen und Gef\u00fchl f\u00fcr FREETIME hinzaubert, gehen regelrecht unter die Haut. Von so einem Gitarristen der Extraklasse tr\u00e4umt jede Band. Au\u00dferdem kann er noch singen und Ba\u00df spielen.Also ein Musiker durch und durch.<\/p>\n","protected":false},"author":1,"featured_media":294,"parent":25,"menu_order":3,"comment_status":"closed","ping_status":"closed","template":"","meta":{"ngg_post_thumbnail":0,"footnotes":""},"class_list":["post-80","page","type-page","status-publish","has-post-thumbnail","hentry"],"_links":{"self":[{"href":"https:\/\/freetime-live.de\/index.php?rest_route=\/wp\/v2\/pages\/80","targetHints":{"allow":["GET"]}}],"collection":[{"href":"https:\/\/freetime-live.de\/index.php?rest_route=\/wp\/v2\/pages"}],"about":[{"href":"https:\/\/freetime-live.de\/index.php?rest_route=\/wp\/v2\/types\/page"}],"author":[{"embeddable":true,"href":"https:\/\/freetime-live.de\/index.php?rest_route=\/wp\/v2\/users\/1"}],"replies":[{"embeddable":true,"href":"https:\/\/freetime-live.de\/index.php?rest_route=%2Fwp%2Fv2%2Fcomments&post=80"}],"version-history":[{"count":5,"href":"https:\/\/freetime-live.de\/index.php?rest_route=\/wp\/v2\/pages\/80\/revisions"}],"predecessor-version":[{"id":298,"href":"https:\/\/freetime-live.de\/index.php?rest_route=\/wp\/v2\/pages\/80\/revisions\/298"}],"up":[{"embeddable":true,"href":"https:\/\/freetime-live.de\/index.php?rest_route=\/wp\/v2\/pages\/25"}],"wp:featuredmedia":[{"embeddable":true,"href":"https:\/\/freetime-live.de\/index.php?rest_route=\/wp\/v2\/media\/294"}],"wp:attachment":[{"href":"https:\/\/freetime-live.de\/index.php?rest_route=%2Fwp%2Fv2%2Fmedia&parent=80"}],"curies":[{"name":"wp","href":"https:\/\/api.w.org\/{rel}","templated":true}]}}