{"id":27,"date":"2021-04-03T21:13:44","date_gmt":"2021-04-03T21:13:44","guid":{"rendered":"https:\/\/freetime-live.de\/?page_id=27"},"modified":"2026-04-21T15:38:35","modified_gmt":"2026-04-21T15:38:35","slug":"alex","status":"publish","type":"page","link":"https:\/\/freetime-live.de\/?page_id=27","title":{"rendered":"Alex"},"content":{"rendered":"\n<figure class=\"wp-block-gallery has-nested-images columns-default is-cropped wp-block-gallery-1 is-layout-flex wp-block-gallery-is-layout-flex\">\n<figure class=\"wp-block-image size-large\"><img loading=\"lazy\" decoding=\"async\" width=\"576\" height=\"1024\" data-id=\"284\" src=\"https:\/\/freetime-live.de\/wp-content\/uploads\/2026\/04\/Alex_1-576x1024.jpeg\" alt=\"\" class=\"wp-image-284\" srcset=\"https:\/\/freetime-live.de\/wp-content\/uploads\/2026\/04\/Alex_1-576x1024.jpeg 576w, https:\/\/freetime-live.de\/wp-content\/uploads\/2026\/04\/Alex_1-169x300.jpeg 169w, https:\/\/freetime-live.de\/wp-content\/uploads\/2026\/04\/Alex_1-768x1365.jpeg 768w, https:\/\/freetime-live.de\/wp-content\/uploads\/2026\/04\/Alex_1-864x1536.jpeg 864w, https:\/\/freetime-live.de\/wp-content\/uploads\/2026\/04\/Alex_1.jpeg 900w\" sizes=\"auto, (max-width: 576px) 100vw, 576px\" \/><\/figure>\n\n\n\n<figure class=\"wp-block-image size-large\"><img loading=\"lazy\" decoding=\"async\" width=\"768\" height=\"1024\" data-id=\"29\" src=\"https:\/\/freetime-live.de\/wp-content\/uploads\/2021\/04\/Alex_2-768x1024.jpg\" alt=\"\" class=\"wp-image-29\" srcset=\"https:\/\/freetime-live.de\/wp-content\/uploads\/2021\/04\/Alex_2-768x1024.jpg 768w, https:\/\/freetime-live.de\/wp-content\/uploads\/2021\/04\/Alex_2-225x300.jpg 225w, https:\/\/freetime-live.de\/wp-content\/uploads\/2021\/04\/Alex_2-1152x1536.jpg 1152w, https:\/\/freetime-live.de\/wp-content\/uploads\/2021\/04\/Alex_2-1536x2048.jpg 1536w, https:\/\/freetime-live.de\/wp-content\/uploads\/2021\/04\/Alex_2.jpg 1728w\" sizes=\"auto, (max-width: 768px) 100vw, 768px\" \/><\/figure>\n\n\n\n<figure class=\"wp-block-image size-large\"><img loading=\"lazy\" decoding=\"async\" width=\"979\" height=\"734\" data-id=\"30\" src=\"https:\/\/freetime-live.de\/wp-content\/uploads\/2021\/04\/Alex_3.jpg\" alt=\"\" class=\"wp-image-30\" srcset=\"https:\/\/freetime-live.de\/wp-content\/uploads\/2021\/04\/Alex_3.jpg 979w, https:\/\/freetime-live.de\/wp-content\/uploads\/2021\/04\/Alex_3-300x225.jpg 300w, https:\/\/freetime-live.de\/wp-content\/uploads\/2021\/04\/Alex_3-768x576.jpg 768w\" sizes=\"auto, (max-width: 979px) 100vw, 979px\" \/><\/figure>\n\n\n\n<figure class=\"wp-block-image size-large\"><img loading=\"lazy\" decoding=\"async\" width=\"576\" height=\"1024\" data-id=\"285\" src=\"https:\/\/freetime-live.de\/wp-content\/uploads\/2026\/04\/Alex_2-576x1024.jpeg\" alt=\"\" class=\"wp-image-285\" srcset=\"https:\/\/freetime-live.de\/wp-content\/uploads\/2026\/04\/Alex_2-576x1024.jpeg 576w, https:\/\/freetime-live.de\/wp-content\/uploads\/2026\/04\/Alex_2-169x300.jpeg 169w, https:\/\/freetime-live.de\/wp-content\/uploads\/2026\/04\/Alex_2-768x1365.jpeg 768w, https:\/\/freetime-live.de\/wp-content\/uploads\/2026\/04\/Alex_2-864x1536.jpeg 864w, https:\/\/freetime-live.de\/wp-content\/uploads\/2026\/04\/Alex_2.jpeg 900w\" sizes=\"auto, (max-width: 576px) 100vw, 576px\" \/><\/figure>\n\n\n\n<figure class=\"wp-block-image size-large\"><img loading=\"lazy\" decoding=\"async\" width=\"1024\" height=\"768\" data-id=\"32\" src=\"https:\/\/freetime-live.de\/wp-content\/uploads\/2021\/04\/Alex_5-1024x768.jpg\" alt=\"\" class=\"wp-image-32\" srcset=\"https:\/\/freetime-live.de\/wp-content\/uploads\/2021\/04\/Alex_5-1024x768.jpg 1024w, https:\/\/freetime-live.de\/wp-content\/uploads\/2021\/04\/Alex_5-300x225.jpg 300w, https:\/\/freetime-live.de\/wp-content\/uploads\/2021\/04\/Alex_5-768x576.jpg 768w, https:\/\/freetime-live.de\/wp-content\/uploads\/2021\/04\/Alex_5-1536x1152.jpg 1536w, https:\/\/freetime-live.de\/wp-content\/uploads\/2021\/04\/Alex_5.jpg 1613w\" sizes=\"auto, (max-width: 1024px) 100vw, 1024px\" \/><\/figure>\n<\/figure>\n\n\n\n<p class=\"has-text-align-center\"><strong><em><u>Gr\u00fcnder und Bandleader von FREETIME<\/u><\/em><\/strong><\/p>\n\n\n\n<p class=\"has-text-align-center\">Er pr\u00e4gt den Sound der Band mit seiner unverwechselbaren Stimme. <br>Egal ob E- oder Akustik-Gitarre, wenn er loslegt ist G\u00e4nsehaut garantiert.<br>Seine Art das Publikum zu unterhalten treibt die Stimmung stetig nach oben und er h\u00f6rt nicht eher auf, bis die Bude bebt.<br>FREETIME ist sein Lebenswerk.<\/p>\n\n\n\n<p><\/p>\n","protected":false},"excerpt":{"rendered":"<p>Gr\u00fcnder und Bandleader von FREETIME Er pr\u00e4gt den Sound der Band mit seiner unverwechselbaren Stimme. Egal ob E- oder Akustik-Gitarre, wenn er loslegt ist G\u00e4nsehaut garantiert.Seine Art das Publikum zu unterhalten treibt die Stimmung stetig nach oben und er h\u00f6rt nicht eher auf, bis die Bude bebt.FREETIME ist sein Lebenswerk.<\/p>\n","protected":false},"author":1,"featured_media":288,"parent":25,"menu_order":1,"comment_status":"closed","ping_status":"closed","template":"","meta":{"ngg_post_thumbnail":0,"footnotes":""},"class_list":["post-27","page","type-page","status-publish","has-post-thumbnail","hentry"],"_links":{"self":[{"href":"https:\/\/freetime-live.de\/index.php?rest_route=\/wp\/v2\/pages\/27","targetHints":{"allow":["GET"]}}],"collection":[{"href":"https:\/\/freetime-live.de\/index.php?rest_route=\/wp\/v2\/pages"}],"about":[{"href":"https:\/\/freetime-live.de\/index.php?rest_route=\/wp\/v2\/types\/page"}],"author":[{"embeddable":true,"href":"https:\/\/freetime-live.de\/index.php?rest_route=\/wp\/v2\/users\/1"}],"replies":[{"embeddable":true,"href":"https:\/\/freetime-live.de\/index.php?rest_route=%2Fwp%2Fv2%2Fcomments&post=27"}],"version-history":[{"count":6,"href":"https:\/\/freetime-live.de\/index.php?rest_route=\/wp\/v2\/pages\/27\/revisions"}],"predecessor-version":[{"id":286,"href":"https:\/\/freetime-live.de\/index.php?rest_route=\/wp\/v2\/pages\/27\/revisions\/286"}],"up":[{"embeddable":true,"href":"https:\/\/freetime-live.de\/index.php?rest_route=\/wp\/v2\/pages\/25"}],"wp:featuredmedia":[{"embeddable":true,"href":"https:\/\/freetime-live.de\/index.php?rest_route=\/wp\/v2\/media\/288"}],"wp:attachment":[{"href":"https:\/\/freetime-live.de\/index.php?rest_route=%2Fwp%2Fv2%2Fmedia&parent=27"}],"curies":[{"name":"wp","href":"https:\/\/api.w.org\/{rel}","templated":true}]}}